 factors of 5841.
3, 11, 59
List the prime factors of 55936.
2, 19, 23
What are the prime factors of 18351?
3, 2039
What are the prime factors of 1750?
2, 5, 7
List the prime factors of 2045.
5, 409
What are the prime factors of 104486?
2, 89, 587
List the prime factors of 1353.
3, 11, 41
What are the prime factors of 13763?
13763
What are the prime factors of 2150?
2, 5, 43
List the prime factors of 5357.
11, 487
What are the prime factors of 10327?
23, 449
List the prime factors of 10273.
10273
List the prime factors of 8263.
8263
List the prime factors of 5955.
3, 5, 397
List the prime factors of 93161.
59, 1579
List the prime factors of 4377.
3, 1459
What are the prime factors of 34732?
2, 19, 457
List the prime factors of 15671.
15671
List the prime factors of 31192.
2, 7, 557
What are the prime factors of 2021?
43, 47
List the prime factors of 55726.
2, 11, 17, 149
What are the prime factors of 7345?
5, 13, 113
What are the prime factors of 2110?
2, 5, 211
List the prime factors of 95052.
2, 3, 89
What are the prime factors of 577?
577
List the prime factors of 8793.
3, 977
What are the prime factors of 3652?
2, 11, 83
List the prime factors of 182168.
2, 7, 3253
List the prime factors of 70764.
2, 3, 5897
List the prime factors of 394.
2, 197
What are the prime factors of 5053?
31, 163
What are the prime factors of 698?
2, 349
List the prime factors of 11910.
2, 3, 5, 397
What are the prime factors of 854?
2, 7, 61
What are the prime factors of 24231?
3, 41, 197
What are the prime factors of 4842?
2, 3, 269
List the prime factors of 8981.
7, 1283
List the prime factors of 5114.
2, 2557
What are the prime factors of 913?
11, 83
List the prime factors of 1213.
1213
What are the prime factors of 1855?
5, 7, 53
List the prime factors of 10910.
2, 5, 1091
List the prime factors of 2312.
2, 17
What are the prime factors of 120196?
2, 151, 199
List the prime factors of 40902.
2, 3, 17, 401
What are the prime factors of 1423?
1423
List the prime factors of 46053.
3, 7, 17, 43
What are the prime factors of 8087?
8087
What are the prime factors of 3781?
19, 199
What are the prime factors of 4114?
2, 11, 17
What are the prime factors of 886?
2, 443
What are the prime factors of 1506?
2, 3, 251
List the prime factors of 596.
2, 149
What are the prime factors of 3344?
2, 11, 19
What are the prime factors of 5715?
3, 5, 127
What are the prime factors of 12019?
7, 17, 101
List the prime factors of 94278.
2, 3, 19, 827
What are the prime factors of 16296?
2, 3, 7, 97
What are the prime factors of 408?
2, 3, 17
List the prime factors of 11253.
3, 11, 31
What are the prime factors of 148144?
2, 47, 197
List the prime factors of 19327.
7, 11, 251
What are the prime factors of 21584?
2, 19, 71
List the prime factors of 6296.
2, 787
What are the prime factors of 4174?
2, 2087
List the prime factors of 27058.
2, 83, 163
What are the prime factors of 1218?
2, 3, 7, 29
What are the prime factors of 38829?
3, 7, 43
What are the prime factors of 6149?
11, 13, 43
What are the prime factors of 499?
499
What are the prime factors of 1793?
11, 163
List the prime factors of 2043.
3, 227
List the prime factors of 2251.
2251
What are the prime factors of 2896?
2, 181
What are the prime factors of 44888?
2, 31, 181
What are the prime factors of 10929?
3, 3643
List the prime factors of 12515.
5, 2503
List the prime factors of 27995.
5, 11, 509
List the prime factors of 927.
3, 103
List the prime factors of 9727.
71, 137
List the prime factors of 2616.
2, 3, 109
What are the prime factors of 3901?
47, 83
List the prime factors of 550.
2, 5, 11
What are the prime factors of 53691?
3, 11, 1627
List the prime factors of 3520.
2, 5, 11
List the prime factors of 1158.
2, 3, 193
List the prime factors of 795.
3, 5, 53
List the prime factors of 38913.
3, 7, 17, 109
List the prime factors of 499.
499
List the prime factors of 19296.
2, 3, 67
List the prime factors of 4948.
2, 1237
What are the prime factors of 5028?
2, 3, 419
What are the prime factors of 6036?
2, 3, 503
List the prime factors of 723.
3, 241
List the prime factors of 4371.
3, 31, 47
List the prime factors of 10352.
2, 647
List the prime factors of 1453.
1453
List the prime factors of 821.
821
List the prime factors of 101.
101
List the prime factors of 6712.
2, 839
What are the prime factors of 2575?
5, 103
List the prime factors of 2184.
2, 3, 7, 13
What are the prime factors of 19870?
2, 5, 1987
What are the prime factors of 7883?
7883
List the prime factors of 2603.
19, 137
List the prime factors of 4874.
2, 2437
List the prime factors of 150094.
2, 7, 71, 151
What are the prime factors of 3775?
5, 151
List the prime factors of 4958.
2, 37, 67
What are the prime factors of 4331?
61, 71
What are the prime factors of 1313?
13, 101
List the prime factors of 1354.
2, 677
What are the prime factors of 7316?
2, 31, 59
What are the prime factors of 3925?
5, 157
List the prime factors of 47328.
2, 3, 17, 29
List the prime factors of 3335.
5, 23, 29
List the prime factors of 5212.
2, 1303
List the prime factors of 45856.
2, 1433
What are the prime factors of 20744?
2, 2593
List the prime factors of 17968.
2, 1123
List the prime factors of 3482.
2, 1741
List the prime factors of 55232.
2, 863
What are the prime factors of 53283?
3, 17761
What are the prime factors of 1702?
2, 23, 37
What are the prime factors of 3274?
2, 1637
List the prime factors of 78048.
2, 3, 271
What are the prime factors of 2715?
3, 5, 181
What are the prime factors of 38031?
3, 7, 1811
List the prime factors of 2498.
2, 1249
What are the prime factors of 25037?
25037
List the prime factors of 1458.
2, 3
List the prime factors of 8086.
2, 13, 311
What are the prime factors of 41628?
2, 3, 3469
What are the prime factors of 25476?
2, 3, 11, 193
List the prime factors of 4015.
5, 11, 73
What are the prime factors of 6624?
2, 3, 23
What are the prime factors of 989?
23, 43
List the prime factors of 2050.
2, 5, 41
What are the prime factors of 26703?
3, 23, 43
List the prime factors of 64755.
3, 5, 1439
What are the prime factors of 3413?
3413
List the prime factors of 4822.
2, 2411
List the prime factors of 2523.
3, 29
What are the prime factors of 2043?
3, 227
List the prime factors of 64293.
3, 29, 739
What are the prime factors of 5731?
11, 521
What are the prime factors of 349?
349
What are the prime factors of 4530?
2, 3, 5, 151
List the prime factors of 13357.
19, 37
What are the prime factors of 161756?
2, 7, 53, 109
List the prime factors of 909.
3, 101
What are the prime factors of 643?
643
What are the prime factors of 912?
2, 3, 19
What are the prime factors of 14195?
5, 17, 167
List the prime factors of 11620.
2, 5, 7, 83
List the prime factors of 52583.
52583
List the prime factors of 124919.
124919
What are the prime factors of 3958?
2, 1979
What are the prime factors of 4?
2
List the prime factors of 4678.
2, 2339
List the prime factors of 56.
2, 7
What are the prime factors of 1251?
3, 139
List the prime factors of 2624.
2, 41
What are the prime factors of 4393?
23, 191
What are the prime factors of 184710?
2, 3, 5, 47, 131
List the prime factors of 662.
2, 331
What are the prime factors of 798?
2, 3, 7, 19
List the prime factors of 172928.
2, 7, 193
What are the prime factors of 35603?
35603
List the prime factors of 1823.
1823
What are the prime factors of 13078?
2, 13, 503
What are the prime factors of 2973?
3, 991
What are the prime factors of 32533?
32533
List the prime factors of 2302.
2, 1151
What are the prime factors of 1009?
1009
List the prime factors of 121979.
11, 13, 853
List the prime factors of 9289.
7, 1327
What are the prime factors of 1312?
2, 41
What are the prime factors of 1195?
5, 239
List the prime factors of 766.
2, 383
What are the prime factors of 37744?
2, 7, 337
What are the prime factors of 60689?
60689
What are the prime factors of 4605?
3, 5, 307
List the prime factors of 471.
3, 157
List the prime factors of 673.
673
What are the prime factors of 3853?
3853
List the prime factors of 1282.
2, 641
What are the prime factors of 42880?
2, 5, 67
What are the prime factors of 45335?
5, 9067
What are the prime factors of 53575?
5, 2143
What are the prime factors of 117861?
3, 17, 2311
List the prime fac